*y + 4 = 88. What is the greatest common factor of 147 and y?
21
Let z be (2/6)/(5/60). Let h(q) = 3*q**2 + 58*q - 12. Let k be 2 + -3*(2 - (-48)/9). Let c be h(k). Calculate the greatest common divisor of z and c.
4
Suppose 404 = 4*l - 144. Let t = l - 38. What is the greatest common divisor of t and 9?
9
Suppose h = 11 + 2. Suppose z - 19 = -3*k - k, -h = -z - k. Calculate the greatest common factor of 33 and z.
11
Let y be (-10)/6*72/(-60). Let n(d) = 3*d**2 - 4*d + 2. Let r be n(2). What is the highest common factor of y and r?
2
Suppose -i - 2*i + 12 = 0. Let s be i - (1 - 3 - 9). Let v be (-48)/s*15/(-6). Calculate the highest common factor of v and 24.
8
Let u(z) = z**3 + z**2 - 4*z + 1. Let h be u(4). Suppose -2*s + 2*x + 52 = 0, 132 = 5*s + 4*x + 2. Calculate the highest common factor of s and h.
13
Suppose -5*y + 3187 = 467. Suppose -23 = -4*d - 7, y = 5*h - 4*d. What is the highest common factor of h and 14?
14
Suppose 0 = -4*z + 76 + 4. Suppose 4*o = 8*o - z. Suppose 3*k - o*a + 1 = 4*k, -19 = -4*k - 5*a. What is the highest common factor of 15 and k?
3
Suppose 4830 = 5*x + 5*d, 4*d = -2*x + 2202 - 262. What is the greatest common divisor of x and 26?
26
Let g(r) = -4*r + r - r**3 + 0*r + 2 + 3*r**2. Let a be g(2). Suppose a = -25*l + 26*l - 2. What is the highest common divisor of 3 and l?
1
Let v(b) = -8*b**2 + 8 + 3*b**2 + 4*b**2 + 5*b. Let f be v(6). Suppose 3*z + z - 28 = -j, f*j + 2*z - 44 = 0. What is the greatest common divisor of j and 100?
20
Let r be -3 + 0 + -29 - -2. Let p = -6 - r. Let a = 115 - 55. Calculate the greatest common factor of p and a.
12
Let p(o) = o**3 - o**2 + o + 2. Let v be p(0). Let f = 43 + -42. Let d be 4/(-14) + 210/49 + f. Calculate the highest common factor of d and v.
1
Let f(t) = t + 282. Let x be f(37). What is the highest common factor of x and 22?
11
Let d = -1350 + 1404. What is the highest common divisor of 144 and d?
18
Suppose 0 = -3*w - r + 164, 156 = 3*w + 3*r - 6*r. Calculate the greatest common divisor of w and 297.
27
Let o(g) = 2*g + 2. Let l be o(0). Suppose 0 = -b - 2*p + 14, 2*b - 6*b = l*p - 80. Let n be 1*0/(-3) - -33. Calculate the greatest common factor of n and b.
11
Suppose -5*r + 5*q + 734 = 169, 0 = -r + 3*q + 105. Let g = -65 + r. Let n = -22 + g. Calculate the greatest common divisor of 15 and n.
15
Let j be 4*2*-3*6/(-36). Suppose j*k = 129 + 87. Calculate the highest common factor of 36 and k.
18
Suppose -7 = -3*y + 2. Suppose 2*l + y*l - 12 = -z, l + 48 = 4*z. Suppose 3*n - 470 = -5*i + n, -2*n - 10 = 0. Calculate the greatest common divisor of z and i.
12
Suppose -4*y = -5*m - 27 - 82, 0 = -2*m - 2. Suppose 5*s = -d + 21, 2*d + s = 3*s + 54. What is the highest common divisor of y and d?
26
Suppose 4*d = -3*r - 11 + 246, -3*d = 5*r - 190. Calculate the highest common divisor of 451 and d.
11
Let y be ((-660)/40 - -14)*168/(-5). Calculate the highest common factor of y and 420.
84
Suppose 3*p + 5*j + 15 = 2*j, -4*j = -2*p - 16. Let a be (-335)/(-6) + (-19)/p + -3. What is the greatest common divisor of 7 and a?
7
Let s(u) = 22*u + 66. Let t be s(-2). What is the highest common factor of 682 and t?
22
Let s = 420 + -328. Calculate the greatest common divisor of s and 138.
46
Suppose 2*y + 34*s = 36*s + 2742, 5*y + 3*s = 6879. Calculate the greatest common divisor of 6 and y.
6
Suppose 3*w + 2*w - 730 = 0. Let x = -142 + w. What is the greatest common divisor of x and 96?
4
Let m(o) = -o**3 + 22*o**2 - 2*o + 45. Let i be m(22). Suppose 23 = 3*d + 2*d - p, 0 = 2*p - 4. What is the highest common divisor of d and i?
1
Let z = 12 - 33. Let p = -3 - z. Calculate the greatest common divisor of p and 2.
2
Let s(b) = -12*b**3 + 2*b**2 + 41*b + 52. Let u be s(-5). Calculate the highest common divisor of 11 and u.
11
Let k be (8/5)/((-16)/(-800)). What is the greatest common divisor of 32 and k?
16
Suppose 180 = 3*y - 4*o - 212, 4*y = -3*o + 556. What is the greatest common factor of y and 8?
8
Suppose 3*y + y + 304 = 2*h, -3*h + 460 = -4*y. Calculate the highest common divisor of h and 104.
52
Suppose 2*o - 11*o + 9 = 0. What is the highest common factor of o and 69?
1
Let c(u) = 6*u**2 - 8*u - 3*u**2 + 0*u**2. Let v be c(6). Let l(i) = -i**2 + 9*i - 8. Let n be l(6). Calculate the highest common factor of n and v.
10
Let g(p) = -p**2 - 17*p + 17. Let u be g(-18). Let f be (0 + (-16 - u))/((-4)/12). Suppose 4*o - 15 = 3*o. What is the greatest common divisor of o and f?
15
Let b = 1019 - 641. What is the highest common divisor of 14 and b?
14
Let p = -590 - -592. What is the highest common factor of 162 and p?
2
Let g be 3/(((-5)/90)/(-1)). Calculate the greatest common divisor of 72 and g.
18
Let l = -7425 + 7431. Suppose -5*p + 17 = -13. Calculate the highest common factor of l and p.
6
Let v(d) = -37*d**3 + d**2 - 5*d - 5. Let q be v(-2). Calculate the highest common factor of 5 and q.
5
Let c(m) = -2*m**3 + 10*m**2 + 5*m + 5. Let p be c(5). What is the greatest common factor of p and 1065?
15
Suppose -6*s + 4*s = -8. Suppose 43 = i - r, -s*r + 123 = 4*i - 65. Calculate the greatest common factor of 5 and i.
5
Suppose 0 = 12*y - 8*y - 260. Suppose 0 = -5*c + 20 + y. Calculate the highest common divisor of c and 34.
17
Suppose 0 = 5*s - 5*z - 40, s + 2*z - 7*z - 16 = 0. Suppose -2*y - 28 = -s*y. What is the highest common factor of y and 70?
7
Suppose 9*s = 14*s - 40. What is the highest common divisor of s and 104?
8
Let q be 6/(-8) + 1/(-4). Let u(a) = -93*a**3 - a**2. Let h be u(q). Let i = 146 - 123. Calculate the greatest common factor of i and h.
23
Let g be (12/7 + 0)/((-33)/(-5313)). What is the highest common factor of g and 60?
12
Let k = -549 + 669. Suppose 0 = -2*n - 3*q - 2*q + 65, 4*n - 2*q = 166. Calculate the highest common divisor of k and n.
40
Suppose 4*u - 2 = 6. Suppose -4*h + u + 2 = 0. Let w be (60/25)/(h/30). What is the highest common divisor of 8 and w?
8
Let y be ((-4)/8)/((-4)/96). Calculate the highest common divisor of y and 210.
6
Suppose 6 = -3*k + 2*k. Let l(f) = f**3 + 8*f**2 + 8*f. Let p be l(k). What is the greatest common divisor of 8 and p?
8
Suppose 0*m - 40 = -5*m. Let n be 12/m*(-650)/(-15). Suppose -6*y + n = -43. What is the greatest common divisor of 2 and y?
2
Let o(d) = -13*d**2 - 2*d + 1. Let l be o(1). Let f be 3 - (l + 2 + 3). What is the greatest common factor of 24 and f?
12
Suppose 3*b - 50 = -23. Let j be b*(-5 - 295/(-15)). What is the greatest common divisor of j and 33?
33
Suppose 2 = 3*j + 38. Let c be (-20)/j + (-3)/(-9). Let f = 3 - c. Calculate the greatest common factor of 5 and f.
1
Let p(d) = d**3 + 5*d**2 - d + 5. Let f(y) = -2*y**2 - 4*y + 1. Let l be f(-3). Let q be p(l). Let m = q - 5. What is the highest common divisor of m and 25?
5
Suppose 0 = -6*y + 126 - 36. Suppose 0 = -0*x - 4*x + 8. Suppose -11 = -3*q + 4*d, q - x*q + 2*d = -3. Calculate the greatest common divisor of y and q.
5
Suppose -5*k - 43 = -2*n - 2*k, 2*k + 24 = n. What is the highest common factor of n and 77?
7
Let q = 2 - -13. Calculate the greatest common divisor of 25 and q.
5
Let g = -53 - -58. Suppose 5*b + f - 29 = 93, -15 = 5*f. What is the highest common divisor of b and g?
5
Suppose 4*s = -r - 126, 5*r + 163 = -5*s + r. Let z = s + 52. Calculate the greatest common factor of z and 3.
3
Suppose 875 = 15*j + 215. Calculate the highest common factor of j and 748.
44
Suppose -s = -3*v + 50, 0 = -2*v - s - 3*s + 52. Suppose -6*g + 730 = -g. Let x = 254 - g. What is the greatest common divisor of x and v?
18
Let k = -1534 - -1754. What is the greatest common divisor of 260 and k?
20
Let r = 162 - 158. Suppose r*c - 21 = -3*b + 2*b, -4*b = -2*c - 12. What is the greatest common divisor of 15 and b?
5
Let f be 3/(4*(-3)/(-20)). Suppose 5*r - d = 3*r + 8, -r - f*d = -15. Suppose r*g - 9*g + 44 = 0. Calculate the highest common divisor of g and 99.
11
Suppose -18*r = -22*r + 1368. What is the highest common divisor of r and 27?
9
Let q be 1/4 - (-15)/4. Let c = -2985 + 2986. Calculate the greatest common divisor of c and q.
1
Let m be 5 + (-11 - -7) + 11. Let w(r) = 3 - r + 3 + 0. Let o be w(-6). What is the highest common factor of o and m?
12
Let s be (-15 + 5)*(-1)/2. Let v(x) = -x**2 - 6 - 8*x - 1 - s*x + x. Let f be v(-9). Calcul